/(-3 + 5 + 0) - p. Suppose 5*k + 2*j - 165 = 5*j, -4*k + 2*j + 132 = q. What is the highest common factor of k and 3?
3
Let b(w) = 12*w - 252. Let l be b(21). Suppose h - 72 = -h + m, l = 3*m + 12. What is the greatest common divisor of h and 323?
17
Suppose -3*i + 8*i = -2*v + 985, i + 2422 = 5*v. What is the highest common factor of 5 and v?
5
Let g(q) = 8*q**2 + 5*q + 3. Let j be g(-4). Let u be (11*(-12)/(-660))/(1/710) + 6. Calculate the highest common factor of u and j.
37
Let f be 11/((-121)/(-616)) + 22. What is the greatest common divisor of 338 and f?
26
Suppose -2*y + 6*b + 24 = -4*y, -5*y = 2*b + 21. Let l(z) = -3*z**3 + 6*z**2 + 13*z - 6. Let t be l(y). Calculate the highest common factor of t and 270.
90
Let l = 14916 - 14838. Calculate the greatest common factor of l and 6682.
26
Let o be (-660)/(-8) - (4235/14)/(-55). Let c be 5*-3*1/(-3). Suppose -c*m + 5*v + 52 = -58, 5*m - 3*v - 110 = 0. What is the greatest common factor of m and o?
22
Suppose -3 = 20*h - 383. Suppose 3*d + 5760 = h*d. Let s(j) = j**3 - 4*j**2 - 6*j + 4. Let v be s(6). What is the greatest common factor of d and v?
40
Suppose -3*s + n + 962 = -0*n, 3*s - 4*n - 950 = 0. Let o = 492 - s. What is the greatest common divisor of 20 and o?
10
Suppose -2*w = -3*j + 551, -2*j - 4300 = -6*w - 4630. Suppose 5*d - 3*d + 2*m = 120, m - 249 = -4*d. Calculate the highest common divisor of j and d.
63
Let t(r) = -2*r**3 + 35*r**2 - 102*r + 370. Let o be t(10). Let y(g) = 3*g**2 - g + 4. Let z be y(-3). What is the greatest common divisor of z and o?
34
Let q be (1 + -15)*(3732/(-168) + 22) - -1906. Calculate the highest common divisor of 46 and q.
23
Suppose -2*s + 144 = -10*s. Let n be (-3146)/s - ((-20)/(-18))/(-5). Calculate the greatest common factor of 50 and n.
25
Let v be 7086/9 - 3 - 3/9. Suppose -13*t + 100 = -v. What is the highest common factor of 4 and t?
4
Let z be (-14 - -2)/3 - (-191 + 10). Let w be (-5 - -8) + z + 0. What is the highest common divisor of 45 and w?
45
Let u(n) = 9*n**2 - 29*n**2 + 10 + 31*n**2 + 46*n. Let z be u(-5). What is the highest common divisor of 33 and z?
11
Let n(d) = -2*d**3 - 14*d**2 - 6*d + 9. Let r be n(-9). Let h = r - 115. Calculate the highest common divisor of 17 and h.
17
Let s(i) = -2*i**3 - 83*i**2 + 59*i + 87. Let b be s(-43). What is the greatest common factor of b and 38?
19
Suppose 659 = 2*s + 3*u, 3*s + 2*u - u = 978. Let z be (-75)/(-2)*(-8)/(-12). What is the greatest common divisor of z and s?
25
Let k(i) = -1366*i + 2745. Let f be k(2). What is the greatest common divisor of 36075 and f?
13
Let r(d) = -11*d**3 - 4*d**2 + 2*d + 22. Let c be r(-5). What is the greatest common factor of c and 585?
117
Let j = 509 - 509. Suppose 2*u - 5*q + 0*q - 67 = j, q = 2*u - 71. What is the greatest common divisor of u and 27?
9
Let w be 3 + (4/(-14))/((-2)/7). Suppose -o - 59 = w*m, 57 = -o + m - 3*m. Let x = -36 - o. What is the greatest common factor of x and 95?
19
Let g(h) = 221*h - 1017. Let l be g(5). What is the greatest common factor of l and 56?
8
Suppose -3*u + 630 - 210 = 0. Suppose 3*f - 10 = v, v + 5*f + 16 = -2*v. Let a be (v - 1)/(22/(-154)). Calculate the greatest common divisor of a and u.
28
Let k = -799 - -829. Calculate the greatest common divisor of k and 378.
6
Let l = -295 - -207. Let r = l + 176. Calculate the highest common factor of 220 and r.
44
Suppose 11*w - 312 - 40 = 0. Let r(b) = -5*b - 123. Let v be r(-27). What is the highest common divisor of v and w?
4
Suppose 48*a + 10532 + 8620 = 0. Let u = a + 475. What is the highest common divisor of u and 361?
19
Suppose 111*z = -162*z + 22113. Calculate the greatest common divisor of z and 17010.
81
Suppose -4*j = q - 44, -2*j + 22 = -0*j + 3*q. Let t(o) = -45*o - 36. Let v be t(6). Let y = v + 317. Calculate the greatest common factor of j and y.
11
Let n(j) = 80*j**2 + 8*j - 7. Let r be n(1). Let g be (-214)/(-12) + (-10)/(-60). What is the highest common divisor of g and r?
9
Suppose -11*z = -5*z. Let i = z + 112. What is the greatest common divisor of i and 16?
16
Let n = -1223 - -1209. Let i be (n - -10 - -12) + 2. Let w(g) = -g**3 - 2*g**2 - 5. Let z be w(-5). What is the highest common factor of z and i?
10
Let v(a) = 15*a**2 + 179*a - 61. Let o be v(-13). Calculate the greatest common factor of 861 and o.
21
Let j be ((-9)/4)/(15/(-40)). Suppose -4*b + 57 + 63 = 2*u, -u - 4 = 0. Suppose -64 = -j*m + b. What is the greatest common factor of m and 16?
16
Suppose 0 = -5*y - 2 + 7. Let r be (-26)/(-9) + 15/135. Calculate the greatest common divisor of y and r.
1
Let b = 8950 - 8278. What is the highest common divisor of 924 and b?
84
Let y(i) = i**2 - 65*i - 834. Let t be y(-11). Calculate the greatest common factor of 161 and t.
1
Suppose 3*j = 2*s - 138, j + 80 = 4*s - 186. Let y(f) = -1166*f + 2486. Let k be y(2). Calculate the greatest common divisor of k and s.
22
Let b = 1088 - 368. Suppose 0 = r - 0 + 3, 0 = -3*j - 2*r + b. What is the greatest common divisor of 22 and j?
22
Suppose 482*p + 12168 = 488*p. Suppose 6*c = 45*c - p. Calculate the highest common factor of c and 130.
26
Suppose 4500 = 6*q + 119*q. What is the greatest common factor of q and 48?
12
Let j(g) = 78*g**2 - 2*g - 1. Suppose -6*l + 2*l = 20, -d + 6 = -2*l. Let v = -6 - d. Let a be j(v). Calculate the greatest common divisor of 45 and a.
45
Suppose 0 = 26*o - 206 - 574. Suppose 0*z - 385 = -3*z - 5*j, 5*z - 585 = 3*j. Calculate the highest common divisor of o and z.
30
Let q(u) = -2*u**3 + 56*u**2 - 107*u + 98. Let p be q(26). Calculate the greatest common factor of p and 130.
10
Suppose b + 342 = 346, 3*d = 5*b + 211. What is the highest common divisor of 2233 and d?
77
Suppose -533 = -21*c - 71. Suppose -2*t + 489 = 5. Calculate the highest common factor of t and c.
22
Let w be (-22)/(-33) - 28/6. Let g be ((-8)/(-10))/(w/(-40)). Suppose 2*i + o - 64 = 0, 5*o - 55 = -2*i + 9. What is the highest common divisor of i and g?
8
Suppose -2 = -2*h + h. Suppose -3*t = h*n + 121, -3*n - 200 = 5*t - 0*n. Let b = -25 - t. Calculate the highest common factor of b and 24.
12
Let u(o) = -7*o**3 + 64*o**2 - 21*o - 24. Let m be u(8). Calculate the highest common factor of m and 6320.
80
Suppose -25*r - 581 - 644 = 0. Let t be 75 + 4 + r/7. What is the greatest common factor of t and 32?
8
Let t be (-1)/(-5) + (-3041955)/(-725). What is the greatest common factor of 8 and t?
4
Let i(b) = -84*b - 602. Let f be i(-10). What is the highest common factor of f and 14?
14
Let t = -515 + 534. Let l be (-6)/(-4)*2*1. Let o(h) = 5*h**2 + 4*h. Let p be o(l). Calculate the highest common factor of t and p.
19
Let o(p) = p**2 + 3*p - 78. Let d be o(9). Let s(g) = -16*g - 2. Let t be s(-2). What is the highest common divisor of d and t?
30
Let i be 62 - 0*-3*3/(-9). Let y = -25 + i. Suppose -4*j = 3*g, -4*g + y - 9 = -4*j. Calculate the highest common factor of 16 and g.
4
Suppose 2*j = 3*j - 247. Let f(b) = -154*b + 1245. Let n be f(8). What is the highest common factor of n and j?
13
Let x be ((-45)/12)/(-15*(-8)/320). Let d be 16/(-48)*(2 + x*5). What is the greatest common divisor of d and 24?
8
Suppose -2*r = 2*r - 5*l - 212, 0 = 3*r - 5*l - 164. Let k be (22/5)/(-11)*(6 - 246). Calculate the highest common factor of r and k.
48
Suppose r = 7*p - 11*p + 20, 4*r + 12 = 7*p. Calculate the highest common divisor of 4652 and r.
4
Suppose 0 = -4*f + 5*w - 75, 89 - 14 = -2*f - 5*w. Let a be (2/(-4))/(f/2450). What is the highest common factor of a and 490?
49
Let x = -309 - -58. Let y = 478 + x. Suppose 5*t - 773 = y. Calculate the greatest common factor of t and 80.
40
Suppose 3*b = -5*d + 109, 91*d = 2*b + 96*d - 66. What is the greatest common factor of 4 and b?
1
Suppose 24*t - 3257 - 867 = 772. What is the highest common factor of 765 and t?
51
Let v = -2074 + 2417. What is the greatest common factor of 21 and v?
7
Let s(j) = -14*j - 91. Let b(a) = -4*a**2 - 5*a - 3. Let u be b(-2). Let g be s(u). What is the greatest common divisor of 63 and g?
7
Suppose -3*f + 4*f - 20 = -5*u, 3*f = 5*u. Let v(n) = n**3 - 11*n**2 - 40*n + 185. Let z be v(14). Calculate the highest common divisor of z and u.
3
Suppose 3*c = 3*j + 177, 6*j - 188 = -5*c + 151. Let d be (1 + -3)*(-183)/(-6). Let f = -19 -